{"id":30,"date":"2014-04-03T05:57:10","date_gmt":"2014-04-03T03:57:10","guid":{"rendered":"http:\/\/baerenstarkes-team.de\/?page_id=30"},"modified":"2021-06-07T10:10:24","modified_gmt":"2021-06-07T08:10:24","slug":"top-3-der-faq","status":"publish","type":"page","link":"https:\/\/baerenstarkes-team.de\/?page_id=30","title":{"rendered":"FAQ"},"content":{"rendered":"<p>Einige Fragen bekommen wir immer wieder gestellt, weshalb wir hier die h\u00e4ufigsten Fragen beantworten m\u00f6chten:<\/p>\n<p><strong>Warum engagiert ihr euch eigentlich \u00f6ffentlich?<\/strong><br \/>Die einfachste Antwort lautet:<br \/>Wir wollen etwas bewegen! Die bisherige Gewerkschaftsarbeit darf gerne besser werden.<\/p>\n<p>Gerade bei den aktuellen Themen ist es wichtig, nicht nur zuzuschauen, sondern Gestaltungsm\u00f6glichkeiten zu nutzen, um sich einzubringen. Nur gemeinsam sind wir stark!<\/p>\n<p><strong>Woher kommt die Idee zu dem Namen &#8222;B\u00e4renstarkes Team&#8220;?<\/strong><\/p>\n<p>Urspr\u00fcnglich haben sich einige Mitarbeiter entschieden, f\u00fcr den Betriebsrat als Kandidat anzutreten und sich abends in einer gem\u00fctlichen Runde bei einem netten Getr\u00e4nk Gedanken dar\u00fcber gemacht, wie man zum einen gute Werbung machen kann und zum anderen unser Team im Allgemeinen unabh\u00e4ngig von irgendwelchen speziellen Sachzw\u00e4ngen benennen k\u00f6nnte.<br \/>Wichtig war uns dabei aufzuzeigen, das wir gemeinsam stark auftreten k\u00f6nnen. Ein Grundgedanke, der auch dem gewerkschaftlichen Denken nicht unbekannt ist \ud83d\ude09<br \/>Ob nun die T\u00fcte Gummib\u00e4rchen auf unserem Tisch oder die etwas b\u00e4rige Form einiger Listenmitglieder zu der Idee gef\u00fchrt hat, ist nicht \u00fcberliefert \ud83d\ude09 \u2013 und wird hier auch nicht weiter kommentiert\u2026<\/p>\n<p>In jedem Falle ist die Idee im gemeinsamen Kreis entstanden und wurde dann spontan von allen akzeptiert.<br \/>Das daraus entstandene Betriebsratsgremium hat sich dann daf\u00fcr entschieden, den Namen f\u00fcr die Gewerkschaftsarbeit zu \u00fcbernehmen, da wir uns sehr gut zusammengefunden haben und hervorragend miteinander auskommen.<\/p>\n<p>Entsprechend werden wir hier regelm\u00e4\u00dfig \u00f6ffentliche Informationen kommunizieren.<br \/>Bitte habt Verst\u00e4ndnis davon, das sensible oder nicht \u00f6ffentliche Informationen hier nicht dargestellt werden.<\/p>\n<p><strong>Euer Webauftritt kostet auch Geld. Wer bezahlt das denn?<\/strong><br \/>Alle Investitionen, die unser Team getroffen hat, werden privat get\u00e4tigt. Es wurden weder Spenden noch Bezuschussungen (z. B. seitens der IG Metall) gegeben.<\/p>\n<p><strong>Wird diese Webseite gepflegt?<\/strong><br \/>Wir m\u00f6chten hier regelm\u00e4\u00dfig:<br \/>&#8211; auf direktem Wege Informationen bereitstellen, welche\u00a0nicht als vertraulich deklariert sind und in der \u00d6ffentlichkeit verwendet werden k\u00f6nnen<br \/>&#8211; einen Blickwinkel der aktuellen Ereignisse und Entwicklungen aus unserer Sicht darstellen<br \/>&#8211; die M\u00f6glichkeiten zur aktiven Mitwirkung und Gestaltung bieten.<\/p>\n\n\n<p><\/p>\n","protected":false},"excerpt":{"rendered":"<p>Einige Fragen bekommen wir immer wieder gestellt, weshalb wir hier die h\u00e4ufigsten Fragen beantworten m\u00f6chten: Warum engagiert ihr euch eigentlich \u00f6ffentlich?Die einfachste Antwort lautet:Wir wollen etwas bewegen! Die bisherige Gewerkschaftsarbeit darf gerne besser werden. Gerade bei den aktuellen Themen ist es wichtig, nicht nur zuzuschauen, sondern Gestaltungsm\u00f6glichkeiten zu nutzen, um sich einzubringen. Nur gemeinsam sind [&hellip;]<\/p>\n","protected":false},"author":1,"featured_media":0,"parent":0,"menu_order":0,"comment_status":"closed","ping_status":"closed","template":"","meta":{"footnotes":""},"class_list":["post-30","page","type-page","status-publish","hentry"],"_links":{"self":[{"href":"https:\/\/baerenstarkes-team.de\/index.php?rest_route=\/wp\/v2\/pages\/30","targetHints":{"allow":["GET"]}}],"collection":[{"href":"https:\/\/baerenstarkes-team.de\/index.php?rest_route=\/wp\/v2\/pages"}],"about":[{"href":"https:\/\/baerenstarkes-team.de\/index.php?rest_route=\/wp\/v2\/types\/page"}],"author":[{"embeddable":true,"href":"https:\/\/baerenstarkes-team.de\/index.php?rest_route=\/wp\/v2\/users\/1"}],"replies":[{"embeddable":true,"href":"https:\/\/baerenstarkes-team.de\/index.php?rest_route=%2Fwp%2Fv2%2Fcomments&post=30"}],"version-history":[{"count":8,"href":"https:\/\/baerenstarkes-team.de\/index.php?rest_route=\/wp\/v2\/pages\/30\/revisions"}],"predecessor-version":[{"id":121,"href":"https:\/\/baerenstarkes-team.de\/index.php?rest_route=\/wp\/v2\/pages\/30\/revisions\/121"}],"wp:attachment":[{"href":"https:\/\/baerenstarkes-team.de\/index.php?rest_route=%2Fwp%2Fv2%2Fmedia&parent=30"}],"curies":[{"name":"wp","href":"https:\/\/api.w.org\/{rel}","templated":true}]}}

<p>Einige Fragen bekommen wir immer wieder gestellt, weshalb wir hier die häufigsten Fragen beantworten möchten:</p>
<p><strong>Warum engagiert ihr euch eigentlich öffentlich?</strong><br />Die einfachste Antwort lautet:<br />Wir wollen etwas bewegen! Die bisherige Gewerkschaftsarbeit darf gerne besser werden.</p>
<p>Gerade bei den aktuellen Themen ist es wichtig, nicht nur zuzuschauen, sondern Gestaltungsmöglichkeiten zu nutzen, um sich einzubringen. Nur gemeinsam sind wir stark!</p>
<p><strong>Woher kommt die Idee zu dem Namen &#8222;Bärenstarkes Team&#8220;?</strong></p>
<p>Ursprünglich haben sich einige Mitarbeiter entschieden, für den Betriebsrat als Kandidat anzutreten und sich abends in einer gemütlichen Runde bei einem netten Getränk Gedanken darüber gemacht, wie man zum einen gute Werbung machen kann und zum anderen unser Team im Allgemeinen unabhängig von irgendwelchen speziellen Sachzwängen benennen könnte.<br />Wichtig war uns dabei aufzuzeigen, das wir gemeinsam stark auftreten können. Ein Grundgedanke, der auch dem gewerkschaftlichen Denken nicht unbekannt ist 😉<br />Ob nun die Tüte Gummibärchen auf unserem Tisch oder die etwas bärige Form einiger Listenmitglieder zu der Idee geführt hat, ist nicht überliefert 😉 – und wird hier auch nicht weiter kommentiert…</p>
<p>In jedem Falle ist die Idee im gemeinsamen Kreis entstanden und wurde dann spontan von allen akzeptiert.<br />Das daraus entstandene Betriebsratsgremium hat sich dann dafür entschieden, den Namen für die Gewerkschaftsarbeit zu übernehmen, da wir uns sehr gut zusammengefunden haben und hervorragend miteinander auskommen.</p>
<p>Entsprechend werden wir hier regelmäßig öffentliche Informationen kommunizieren.<br />Bitte habt Verständnis davon, das sensible oder nicht öffentliche Informationen hier nicht dargestellt werden.</p>
<p><strong>Euer Webauftritt kostet auch Geld. Wer bezahlt das denn?</strong><br />Alle Investitionen, die unser Team getroffen hat, werden privat getätigt. Es wurden weder Spenden noch Bezuschussungen (z. B. seitens der IG Metall) gegeben.</p>
<p><strong>Wird diese Webseite gepflegt?</strong><br />Wir möchten hier regelmäßig:<br />&#8211; auf direktem Wege Informationen bereitstellen, welche nicht als vertraulich deklariert sind und in der Öffentlichkeit verwendet werden können<br />&#8211; einen Blickwinkel der aktuellen Ereignisse und Entwicklungen aus unserer Sicht darstellen<br />&#8211; die Möglichkeiten zur aktiven Mitwirkung und Gestaltung bieten.</p>


<p></p>

<p>Einige Fragen bekommen wir immer wieder gestellt, weshalb wir hier die häufigsten Fragen beantworten möchten: Warum engagiert ihr euch eigentlich öffentlich?Die einfachste Antwort lautet:Wir wollen etwas bewegen! Die bisherige Gewerkschaftsarbeit darf gerne besser werden. Gerade bei den aktuellen Themen ist es wichtig, nicht nur zuzuschauen, sondern Gestaltungsmöglichkeiten zu nutzen, um sich einzubringen. Nur gemeinsam sind [&hellip;]</p>
